
23332
In base 8, what is -64513 + 2?
-64511
In base 6, what is -102311 - 5?
-102320
In base 7, what is 3 - 132146?
-132143
In base 16, what is -5 - 4d5?
-4da
In base 13, what is -33 - -18c?
159
In base 2, what is -1101110001 + 10110000?
-1011000001
In base 10, what is 754 + 39?
793
In base 15, what is 7abe - 8?
7ab6
In base 10, what is -1 - 1453112?
-1453113
In base 8, what is 407 - 14267?
-13660
In base 10, what is 1 - 4811?
-4810
In base 15, what is 1 + -4c379?
-4c378
In base 16, what is -1 - -948d2?
948d1
In base 11, what is 2 - 196056?
-196054
In base 15, what is -5 + -e2096?
-e209b
In base 10, what is 66 - 47927?
-47861
In base 3, what is -2211 - -1100?
-1111
In base 16, what is 64b5 + 2?
64b7
In base 14, what is 3 - db38?
-db35
In base 16, what is -19d6f + a?
-19d65
In base 7, what is 4 - -101514?
101521
In base 12, what is 5008 - -5?
5011
In base 6, what is -5320 + 105?
-5211
In base 16, what is -12 - -7f9?
7e7
In base 14, what is 1128 - 301?
c27
In base 10, what is -1424 + 97?
-1327
In base 11, what is 2 - 132a4?
-132a2
In base 4, what is -1123333 + 1001?
-1122332
In base 16, what is e84f9 + -2?
e84f7
In base 10, what is -1777 - -71?
-1706
In base 9, what is 552 - 8646?
-8084
In base 15, what is 1990 - 11e?
1871
In base 7, what is 244 - -560?
1134
In base 9, what is 50 + 3142?
3202
In base 11, what is -1 - -51165?
51164
In base 6, what is -454 - 35?
-533
In base 10, what is 50 - 164?
-114
In base 9, what is -1550380 - -3?
-1550376
In base 2, what is 10011 + 1100010111011?
1100011001110
In base 12, what is -13a0a2 + 2?
-13a0a0
In base 12, what is -45 + 455?
410
In base 6, what is 5 + 1531423?
1531432
In base 16, what is -1 + -aa9d1?
-aa9d2
In base 3, what is 11 - 202102202000?
-202102201212
In base 8, what is -16557635 + -4?
-16557641
In base 10, what is 1340 - 4?
1336
In base 14, what is 18 + 373d6?
37410
In base 10, what is -2 + 3410?
3408
In base 3, what is 110 + 202001021?
202001201
In base 7, what is 3206445 - 3?
3206442
In base 15, what is 35 + -9cb?
-996
In base 9, what is -2728211 + 1?
-2728210
In base 7, what is 1411 + -551?
530
In base 2, what is -11000 + -101111?
-1000111
In base 5, what is -14113 + 121?
-13442
In base 5, what is -341402223 + -1?
-341402224
In base 4, what is -11 + 3023200003?
3023133332
In base 4, what is 2121313 + 10?
2121323
In base 14, what is 0 + -374?
-374
In base 9, what is 3 - 234104?
-234101
In base 10, what is -6543 + 5?
-6538
In base 9, what is 151 - -835?
1086
In base 2, what is -1100001 - 1001001110101?
-1001011010110
In base 2, what is -10 - 10000110000010011?
-10000110000010101
In base 12, what is -28 - 369?
-395
In base 2, what is -1100110011011100101 - 0?
-1100110011011100101
In base 11, what is -4 + -1144?
-1148
In base 13, what is -11cb - 26?
-1224
In base 15, what is 18 - -11ad2?
11aea
In base 6, what is -3050 - -154?
-2452
In base 16, what is 124 + -c4?
60
In base 2, what is 10101011 - -10001000?
100110011
In base 4, what is -1201000203 - -3?
-1201000200
In base 12, what is 6191b + 2?
61921
In base 2, what is 101 + -1001100111011001001?
-1001100111011000100
In base 3, what is 11 - 2011200102000?
-2011200101212
In base 13, what is -14 + 356?
342
In base 7, what is -1455 + 0?
-1455
In base 5, what is -4233 + 12?
-4221
In base 15, what is -1 + -17979?
-1797a
In base 3, what is 2110 - -100102222?
100112102
In base 4, what is -20332 + -1321?
-22313
In base 10, what is -1078 - 11?
-1089
In base 12, what is -86 + -4a?
-114
In base 3, what is 2122020 - -120100?
10012120
In base 6, what is 4 - -20331041?
20331045
In base 6, what is -24 + 32544?
32520
In base 3, what is 221210202012 - -12?
221210202101
In base 15, what is 34421 - -2?
34423
In base 11, what is 2a - -1810?
183a
In base 2, what is 1001 + -100100010011111?
-100100010010110
In base 11, what is -237 + 44?
-1a3
In base 8, what is -7 + 26213?
26204
In base 11, what is 14a2 - 256?
1247
In base 3, what is 10 + 1010022010?
1010022020
In base 3, what is 1112111111 - 102?
1112111002
In base 6, what is -1 + 30553013?
30553012
In base 10, what is 97381 + -3?
97378
In base 2, what is -101011000001011000 - -10001?
-101011000001000111
In base 4, what is 10 - -213321021?
213321031
In base 14, what is -cd6 - -419?
-8bb
In base 6, what is 25105 + -24?
25041
In base 4, what is -103031 - 12021?
-121112
In base 14, what is cc - -35?
123
In base 10, what is -4 - 11285?
-11289
In base 8, what is 143 + 273?
436
In base 11, what is 6a4137 + 4?
6a4140
In base 16, what is -13f8a + 3?
-13f87
In base 14, what is 66d9 + -1?
66d8
In base 8, what is -20211 + -14?
-20225
In base 8, what is -7063 - 1?
-7064
In base 10, what is 24 + -29?
-5
In base 3, what is -22 - -120000000200?
120000000101
In base 12, what is -207 - -b?
-1b8
In base 14, what is -65 + -4c80?
-4d05
In base 15, what is 2b76 - -1?
2b77
In base 6, what is 10144224 - -5?
10144233
In base 3, what is 1120010 + 1001201?
2121211
In base 2, what is 1010010 + 111001000110111?
111001010001001
In base 9, what is 6 + 6567?
6574
In base 3, what is 21100202 + -11?
21100121
In base 5, what is 0 - 430332?
-430332
In base 15, what is 350 + 33d?
68d
In base 5, what is -10044 - 2?
-10101
In base 6, what is -31042152 - 1?
-31042153
In base 9, what is 1401208 - -1?
1401210
In base 9, what is 5035 - 5?
5030
In base 4, what is 2 + 11033313?
11033321
In base 16, what is -51aadf - 2?
-51aae1
In base 6, what is 2542004 - -11?
2542015
In base 14, what is -46697 - -1?
-46696
In base 14, what is 66 + -27?
3d
In base 12, what is -3827 + 8?
-381b
In base 13, what is 1 + -17491?
-17490
In base 16, what is 6c2 - 16?
6ac
In base 16, what is 178d5 - -25?
178fa
In base 5, what is 1001 + 321?
1322
In base 14, what is -3 - c784?
-c787
In base 4, what is -30 - 233210012?
-233210102
In base 5, what is 144444 + 1122?
201121
In base 8, what is -101 + 137?
36
In base 15, what is -1638 - -54?
-15d4
In base 13, what is -203 + 86?
-14a
In base 6, what is 3151 - -5014?
12205
In base 14, what is 0 - -634d0?
634d0
In base 9, what is -3421 + -234?
-3655
In base 15, what is -5 - 7a23?
-7a28
In base 10, what is 5 + -15786?
-15781
In base 7, what is 5611146 - 0?
5611146
In base 16, what is -2 + -1038?
-103a
In base 5, what is -12 + -12312114?
-12312131
In base 2, what is 1011001010101111011 + -101?
1011001010101110110
In base 12, what is -5 - -286a93?
286a8a
In base 4, what is -10000113 + 2?
-10000111
In base 9, what is 356851 - 0?
356851
In base 9, what is -260 + 7737?
7467
In base 2, what is -10011001110101101 - -11?
-10011001110101010
In base 14, what is 1 - -20bb5?
20bb6
In base 4, what is 10202 + -101?
10101
In base 11, what is -91a3 + -4?
-91a7
In base 11, what is -140 - 2a093?
-2a223
In base 7, what is 21142 - 4?
21135
In base 16, what is 7 + -4288?
-4281
In base 14, what is -3 + a381?
a37c
In base 15, what is 127 - 259?
-132
In base 9, what is 0 - -12353?
12353
In base 16, what is -22ffe + 5?
-22ff9
In base 3, what is 10102001121 - -20?
10102001211
In base 13, what is 3 + -3b54?
-3b51
In base 12, what is -9284 + 5?
-927b
In base 13, what is 27 - 349?
-322
In base 12, what is 15423 - -2?
15425
In base 9, what is -4660 - 844?
-5614
In base 11, what is 4 - -1909?
1912
In base 15, what is b48 + -2a?
b1d
In base 16, what is -8d74 - 1?
-8d75
In base 6, what is -1320 + 2152?
432
In base 7, what is -62011 + 30?
-61651
In base 9, what is -768 + -771?
-1650
In base 4, what is 1 - -1110231032?
1110231033
In base 9, what is 31 + -31635?
-31604
In base 7, what is 1135261 + -13?
1135245
In base 14, what is 51d0c - 26?
51cc6
In base 15, what is -50 + -3a?
-8a
In base 5, what is 32320 - 34?
32231
In base 9, what is -5 + 24417?
24412
In base 7, what is 1446034 + -4?
1446030
In base 7, what is 11366 + -1?
11365
In base 3, what is 121122201 - 2?
121122122
In base 11, what is 26a + -4215?
-3a56
In base 10, what is 1181860 - 4?
1181856
In base 2, what is 100000 + -110111?
-10111
In base 7, what is 12 + -143354?
-143342
In base 10, what is 130788 + -25?
130763
In base 3, what is 222101101111 - 11?
222101101100
In base 5, what is -313 - -23010?
22142
In base 12, what is -405 - 23?
-428
In base 2, what is -100 + -11011110111001?
-11011110111101
In base 2, what is 101101101011111010 - -101011?
101101101100100101
In base 5, what is -32 - -224321?
224234
In base 14, 